85?
19224
In base 8, what is 57 + 1551241?
1551320
In base 15, what is -3 + 10cbb9a?
10cbb97
In base 8, what is -122650 - 144?
-123014
In base 15, what is -139d9 - 64a?
-14134
In base 16, what is 5 + 12f964?
12f969
In base 15, what is -332e3 + -84e?
-33b42
In base 12, what is 826928 + 5?
826931
In base 13, what is 30432 + -20a?
30225
In base 6, what is 54232221013 + -5?
54232221004
In base 6, what is -23 + 112241250?
112241223
In base 5, what is -10102300 + 1024?
-10101221
In base 7, what is -6312 - 54134?
-63446
In base 11, what is 368 - -6009a8?
601265
In base 12, what is a1 + 153b94?
154075
In base 9, what is -847 - -855046?
854088
In base 13, what is 49420b + -42?
494199
In base 9, what is -202 - 78485?
-78687
In base 2, what is -100100111101101000110 - 1010100111?
-100100111110111101101
In base 2, what is 1111110100 + 110011001?
10110001101
In base 12, what is -288080 - 41?
-288101
In base 11, what is 2610 - 27518?
-24a08
In base 5, what is 121 - -20042431?
20043102
In base 5, what is -4212 + -21242424?
-21302141
In base 2, what is 1100001 + -10101101011001110?
-10101101001101101
In base 4, what is 30110322 - -33110?
30210032
In base 5, what is -214134 - -202?
-213432
In base 3, what is -2 + -201200202001210?
-201200202001212
In base 9, what is -374228 - 44?
-374273
In base 5, what is 101331 + 231330?
333211
In base 4, what is -232130 + -1112331201?
-1113223331
In base 8, what is 54706054 - -6?
54706062
In base 10, what is -40713331 - 2?
-40713333
In base 12, what is -1145b - 7645?
-18aa4
In base 13, what is -494 + -3c32c8?
-3c378c
In base 7, what is -31001 - 2651?
-33652
In base 13, what is -3114 + -500?
-3614
In base 5, what is 320 - 100211313?
-100210443
In base 4, what is -2221130101 - -123?
-2221123312
In base 6, what is -1424504 - -205?
-1424255
In base 4, what is -3011 + 21220132003?
21220122332
In base 4, what is 21 - 3310020022?
-3310020001
In base 6, what is -1354 - -3301410?
3300012
In base 3, what is 200002100 + -20112?
122211211
In base 16, what is -a105 - 5812?
-f917
In base 7, what is -44442454 + 24?
-44442430
In base 3, what is -1112212011112 - -20?
-1112212011022
In base 16, what is -22b - -d48?
b1d
In base 4, what is -11 - -13303203232?
13303203221
In base 13, what is -3 - 42c63125?
-42c63128
In base 3, what is -22021 - 2120212021?
-2121011112
In base 14, what is 20 + c1a66?
c1a86
In base 4, what is -23000130213 + 1012?
-23000123201
In base 2, what is -100000010 - -100111010001001?
100110110000111
In base 7, what is 3 + 364125646?
364125652
In base 14, what is -68b973 + 21?
-68b952
In base 14, what is -16 + 48b7c4?
48b7ac
In base 7, what is -32400021 + -15?
-32400036
In base 3, what is -1121121110210102 - -2?
-1121121110210100
In base 6, what is 5034 + -45152?
-40114
In base 12, what is 4 - b61755?
-b61751
In base 13, what is 0 - -5b6cb9?
5b6cb9
In base 16, what is -65b4f81 + 1?
-65b4f80
In base 10, what is -4566737 - -1?
-4566736
In base 5, what is 2132 - 2233222?
-2231040
In base 15, what is -874536 - -5?
-874531
In base 7, what is -4 - 41332116?
-41332123
In base 8, what is 376676521 + 5?
376676526
In base 14, what is -21487d - 2?
-214881
In base 4, what is -23311103122 - -1201?
-23311101321
In base 8, what is -770756 + 306?
-770450
In base 16, what is 3 - 4c4f92?
-4c4f8f
In base 6, what is -254 - -53035?
52341
In base 7, what is 5 + -113411205?
-113411200
In base 7, what is -516356 + -353?
-520042
In base 11, what is -18948417 + 31?
-18948396
In base 3, what is 20 - -112112122101200?
112112122101220
In base 13, what is -295c7 - 2832?
-2c129
In base 16, what is 1a066 - 259?
19e0d
In base 10, what is 45 - 71890?
-71845
In base 7, what is -15156 - -65004?
46515
In base 12, what is -140 + -2312a2?
-231422
In base 11, what is -22590080 + 28?
-22590053
In base 9, what is -3 - 14201626?
-14201630
In base 2, what is 101 - -101101111010111000011110?
101101111010111000100011
In base 4, what is -101121132121 + 11?
-101121132110
In base 14, what is 6d594 + -27?
6d56b
In base 4, what is -3 - 21031311312?
-21031311321
In base 6, what is 155041 - -1554?
201035
In base 10, what is -4 + 95155312?
95155308
In base 9, what is 2076 + -550?
1426
In base 12, what is -412 + -82b879?
-83008b
In base 4, what is 3 - -3032213011332?
3032213012001
In base 8, what is 375 + 4446?
5043
In base 14, what is -831cda1 - 0?
-831cda1
In base 5, what is 20200 - -33014304?
33040004
In base 6, what is -242403454213 - 3?
-242403454220
In base 4, what is 2323013 + 3032?
2332111
In base 2, what is 100 - 101010101010000010000110?
-101010101010000010000010
In base 5, what is 241332423 + -4?
241332414
In base 13, what is 840991 + -2?
84098c
In base 10, what is 124024 + -4683?
119341
In base 6, what is -133520222 + -40?
-133520302
In base 12, what is 2151171 + -3?
215116a
In base 11, what is 21 - -2259175?
2259196
In base 11, what is -5a29 - -2a0?
-5739
In base 6, what is -10220502221 + 4?
-10220502213
In base 15, what is cb89 + -22d4?
a8a5
In base 8, what is 6 + 576646?
576654
In base 14, what is 201 + -7b78?
-7977
In base 16, what is 25c8 - 46a?
215e
In base 6, what is 4402 + -150153?
-141351
In base 7, what is 502214 - 4254?
464630
In base 11, what is a + 1320a117?
1320a126
In base 12, what is 692426 + -13?
692413
In base 6, what is 12 + 1423215?
1423231
In base 16, what is 6ebf57 + -39?
6ebf1e
In base 3, what is -220020200102102 + -11?
-220020200102120
In base 13, what is -3b3133 - 120?
-3b3253
In base 9, what is -2352 - 2886?
-5348
In base 16, what is e - -63c437?
63c445
In base 9, what is -236755 - -1718?
-235036
In base 10, what is -116714 - -239?
-116475
In base 7, what is 301611202 + 0?
301611202
In base 6, what is 5 + -10024104?
-10024055
In base 2, what is 111000100011011 - 110000100?
110111110010111
In base 12, what is 2 - 29179405?
-29179403
In base 7, what is -2 + 105001640?
105001635
In base 10, what is 2942479 + 0?
2942479
In base 12, what is -79a6 - 48?
-7a32
In base 13, what is -125 - -20283?
2015b
In base 4, what is 1010 + 323121213?
323122223
In base 11, what is -3415 - 300?
-3715
In base 5, what is 1313 - 24031133?
-24024320
In base 13, what is -cc9c - 269a?
-12669
In base 16, what is 0 - d38e2?
-d38e2
In base 5, what is 133114 + 124322?
312441
In base 5, what is 211013 - 24120?
131343
In base 3, what is -202 + -11112012210?
-11112020112
In base 6, what is 14015344135 - 0?
14015344135
In base 9, what is -110268 - 16344?
-126623
In base 9, what is -2 - -87272724?
87272722
In base 12, what is -7010 + -a40?
-7a50
In base 12, what is 2b91 + -97?
2ab6
In base 16, what is -2bb8e96 - -1?
-2bb8e95
In base 13, what is -30b - -32681?
32373
In base 10, what is -14700833 + -2?
-14700835
In base 11, what is -20 + 1078709?
1078699
In base 3, what is 12 + -10102112012000000?
-10102112011222211
In base 2, what is -11 + -101101011000101000111111?
-101101011000101001000010
In base 16, what is -d + -1dc5cc?
-1dc5d9
In base 14, what is 0 + 7a923db?
7a923db
In base 7, what is 65314 - 1532?
63452
In base 8, what is 106 + -1014353?
-1014245
In base 7, what is -4 - 15265021?
-15265025
In base 7, what is 124464 - 4660?
116504
In base 12, what is 73747902 + -1?
73747901
In base 6, what is -113012243 + 5?
-113012234
In base 7, what is -32236 + -252405?
-314644
In base 4, what is -12321 + -10210101?
-10223022
In base 11, what is 6444 - -33100?
39544
In base 13, what is -2a3b220 + 4?
-2a3b219
In base 8, what is 604333 - 23?
604310
In base 10, what is 100090267 - -12?
100090279
In base 12, what is 51b9 - 5a830?
-55633
In base 16, what is a - -1f4f321?
1f4f32b
In base 7, what is -13055 - 142230?
-155315
In base 15, what is 199d - 269e?
-c01
In base 12, what is 2 - -1473b46a?
1473b470
In base 15, what is -2236 - 466?
-269c
In base 16, what is 1e56 + -270?
1be6
In base 10, what is 688 + 441567?
442255
In base 9, what is 275180 + 113?
275303
In base 11, what is -11342 + 315?
-11028
In base 16, what is 187 + -d34?
-bad
In base 16, what is 553774 + 7?
55377b
In base 6, what is -215 + 32020?
31401
In base 12, what is 32b741 + 349?
32ba8a
In base 13, what is -12 - 43260?
-43272
In base 14, what is 8aba + 506?
91c2
In base 4, what is -10211110121 + 3312?
-10211100203
In base 5, what is 134331 + -312?
134014
In base 2, what is 10 + 1110100111111011100101110100?
111010011111101